{"id":33,"date":"2021-03-03T21:15:26","date_gmt":"2021-03-03T21:15:26","guid":{"rendered":"http:\/\/place4all.pt\/?page_id=33"},"modified":"2021-03-14T19:50:56","modified_gmt":"2021-03-14T19:50:56","slug":"interrupcoes-letivas-e-colonias-de-ferias","status":"publish","type":"page","link":"https:\/\/place4all.pt\/?page_id=33","title":{"rendered":"Interrup\u00e7\u00f5es letivas e col\u00f3nias de f\u00e9rias"},"content":{"rendered":"\n<div class=\"wp-block-image\"><figure class=\"aligncenter size-large is-resized\"><img loading=\"lazy\" decoding=\"async\" src=\"https:\/\/place4all.pt\/wp-content\/uploads\/2021\/03\/Fe\u0301rias-1-1024x515.jpg\" alt=\"\" class=\"wp-image-495\" width=\"768\" height=\"386\" srcset=\"https:\/\/place4all.pt\/wp-content\/uploads\/2021\/03\/Fe\u0301rias-1-1024x515.jpg 1024w, https:\/\/place4all.pt\/wp-content\/uploads\/2021\/03\/Fe\u0301rias-1-300x151.jpg 300w, https:\/\/place4all.pt\/wp-content\/uploads\/2021\/03\/Fe\u0301rias-1-768x386.jpg 768w, https:\/\/place4all.pt\/wp-content\/uploads\/2021\/03\/Fe\u0301rias-1-1536x772.jpg 1536w, https:\/\/place4all.pt\/wp-content\/uploads\/2021\/03\/Fe\u0301rias-1-1100x553.jpg 1100w, https:\/\/place4all.pt\/wp-content\/uploads\/2021\/03\/Fe\u0301rias-1.jpg 1919w\" sizes=\"auto, (max-width: 768px) 100vw, 768px\" \/><\/figure><\/div>\n\n\n\n<p class=\"has-text-align-center\"><strong>Nas nossas col\u00f3nias de f\u00e9rias procuramos desenvolver nas crian\u00e7as um conjunto de compet\u00eancias associadas ao lazer, ar livre atrav\u00e9s de atividades diversas, visitas programadas, desporto, m\u00fasica e artes<\/strong>.<\/p>\n\n\n\n<p>O Col\u00e9gio Place4All, n\u00e3o encerra durante as interrup\u00e7\u00f5es letivas do Natal, Carnaval e P\u00e1scoa nem no per\u00edodo de ver\u00e3o. Regra geral, o col\u00e9gio encerra 5 dias por ano letivo.<\/p>\n\n\n\n<p>O nosso calend\u00e1rio escolar \u00e9 definido com base no calend\u00e1rio do Minist\u00e9rio da Educa\u00e7\u00e3o e&nbsp; Ci\u00eancia e disponibilizado no in\u00edcio de cada ano letivo aos pais.<\/p>\n\n\n\n<p>Assim, nas interrup\u00e7\u00f5es letivas organizamos um programa de f\u00e9rias com atividades l\u00fadico pedag\u00f3gicas que genericamente pretendem:<\/p>\n\n\n\n<p>a) Integra\u00e7\u00e3o social, conv\u00edvio e socializa\u00e7\u00e3o entre pares;<br>b) Educa\u00e7\u00e3o para os valores, atrav\u00e9s de atividades l\u00fadico-pedag\u00f3gicas;<br>c) Promover a autonomia, sentido de responsabilidade, capacidade criativa e de iniciativa;<br>d) Promover o contacto com diferentes recursos da comunidade;<br>e) Promover o desenvolvimento do esp\u00edrito de coopera\u00e7\u00e3o e interajuda;<br>f) Criar oportunidades para trabalhar conte\u00fados complementares aos do curr\u00edculo escolar.<\/p>\n\n\n\n<p>No ver\u00e3o, desenhamos\u00a0 um programa de atividades que se organiza em semanas tem\u00e1ticas com ateliers que pretendem aprofundar o tema que estamos a trabalhar em cada uma das semanas. Este programa decorre nos meses de julho e agosto.<\/p>\n","protected":false},"excerpt":{"rendered":"<p>Nas nossas col\u00f3nias de f\u00e9rias procuramos desenvolver nas crian\u00e7as um conjunto de compet\u00eancias associadas ao lazer, ar livre atrav\u00e9s de atividades diversas, visitas programadas, desporto, m\u00fasica e artes. O Col\u00e9gio Place4All, n\u00e3o encerra durante as&hellip;<\/p>\n","protected":false},"author":1,"featured_media":0,"parent":56,"menu_order":70,"comment_status":"closed","ping_status":"closed","template":"","meta":{"footnotes":""},"class_list":["post-33","page","type-page","status-publish","hentry"],"_links":{"self":[{"href":"https:\/\/place4all.pt\/index.php?rest_route=\/wp\/v2\/pages\/33","targetHints":{"allow":["GET"]}}],"collection":[{"href":"https:\/\/place4all.pt\/index.php?rest_route=\/wp\/v2\/pages"}],"about":[{"href":"https:\/\/place4all.pt\/index.php?rest_route=\/wp\/v2\/types\/page"}],"author":[{"embeddable":true,"href":"https:\/\/place4all.pt\/index.php?rest_route=\/wp\/v2\/users\/1"}],"replies":[{"embeddable":true,"href":"https:\/\/place4all.pt\/index.php?rest_route=%2Fwp%2Fv2%2Fcomments&post=33"}],"version-history":[{"count":8,"href":"https:\/\/place4all.pt\/index.php?rest_route=\/wp\/v2\/pages\/33\/revisions"}],"predecessor-version":[{"id":609,"href":"https:\/\/place4all.pt\/index.php?rest_route=\/wp\/v2\/pages\/33\/revisions\/609"}],"up":[{"embeddable":true,"href":"https:\/\/place4all.pt\/index.php?rest_route=\/wp\/v2\/pages\/56"}],"wp:attachment":[{"href":"https:\/\/place4all.pt\/index.php?rest_route=%2Fwp%2Fv2%2Fmedia&parent=33"}],"curies":[{"name":"wp","href":"https:\/\/api.w.org\/{rel}","templated":true}]}}

Interrupções letivas e colónias de férias

<div class="wp-block-image"><figure class="aligncenter size-large is-resized"><img loading="lazy" decoding="async" src="https://place4all.pt/wp-content/uploads/2021/03/Férias-1-1024x515.jpg" alt="" class="wp-image-495" width="768" height="386" srcset="https://place4all.pt/wp-content/uploads/2021/03/Férias-1-1024x515.jpg 1024w, https://place4all.pt/wp-content/uploads/2021/03/Férias-1-300x151.jpg 300w, https://place4all.pt/wp-content/uploads/2021/03/Férias-1-768x386.jpg 768w, https://place4all.pt/wp-content/uploads/2021/03/Férias-1-1536x772.jpg 1536w, https://place4all.pt/wp-content/uploads/2021/03/Férias-1-1100x553.jpg 1100w, https://place4all.pt/wp-content/uploads/2021/03/Férias-1.jpg 1919w" sizes="auto, (max-width: 768px) 100vw, 768px" /></figure></div>



<p class="has-text-align-center"><strong>Nas nossas colónias de férias procuramos desenvolver nas crianças um conjunto de competências associadas ao lazer, ar livre através de atividades diversas, visitas programadas, desporto, música e artes</strong>.</p>



<p>O Colégio Place4All, não encerra durante as interrupções letivas do Natal, Carnaval e Páscoa nem no período de verão. Regra geral, o colégio encerra 5 dias por ano letivo.</p>



<p>O nosso calendário escolar é definido com base no calendário do Ministério da Educação e&nbsp; Ciência e disponibilizado no início de cada ano letivo aos pais.</p>



<p>Assim, nas interrupções letivas organizamos um programa de férias com atividades lúdico pedagógicas que genericamente pretendem:</p>



<p>a) Integração social, convívio e socialização entre pares;<br>b) Educação para os valores, através de atividades lúdico-pedagógicas;<br>c) Promover a autonomia, sentido de responsabilidade, capacidade criativa e de iniciativa;<br>d) Promover o contacto com diferentes recursos da comunidade;<br>e) Promover o desenvolvimento do espírito de cooperação e interajuda;<br>f) Criar oportunidades para trabalhar conteúdos complementares aos do currículo escolar.</p>



<p>No verão, desenhamos  um programa de atividades que se organiza em semanas temáticas com ateliers que pretendem aprofundar o tema que estamos a trabalhar em cada uma das semanas. Este programa decorre nos meses de julho e agosto.</p>

<p>Nas nossas colónias de férias procuramos desenvolver nas crianças um conjunto de competências associadas ao lazer, ar livre através de atividades diversas, visitas programadas, desporto, música e artes. O Colégio Place4All, não encerra durante as&hellip;</p>
