{"id":77,"date":"2021-03-03T22:05:18","date_gmt":"2021-03-03T22:05:18","guid":{"rendered":"http:\/\/place4all.pt\/?page_id=77"},"modified":"2021-03-14T19:48:31","modified_gmt":"2021-03-14T19:48:31","slug":"psicomotricidade","status":"publish","type":"page","link":"https:\/\/place4all.pt\/?page_id=77","title":{"rendered":"Psicomotricidade"},"content":{"rendered":"\n<div class=\"wp-block-image\"><figure class=\"aligncenter size-large is-resized\"><img loading=\"lazy\" decoding=\"async\" src=\"https:\/\/place4all.pt\/wp-content\/uploads\/2021\/03\/Psic-1024x500.jpg\" alt=\"\" class=\"wp-image-480\" width=\"768\" height=\"375\" srcset=\"https:\/\/place4all.pt\/wp-content\/uploads\/2021\/03\/Psic-1024x500.jpg 1024w, https:\/\/place4all.pt\/wp-content\/uploads\/2021\/03\/Psic-300x147.jpg 300w, https:\/\/place4all.pt\/wp-content\/uploads\/2021\/03\/Psic-768x375.jpg 768w, https:\/\/place4all.pt\/wp-content\/uploads\/2021\/03\/Psic-1536x750.jpg 1536w, https:\/\/place4all.pt\/wp-content\/uploads\/2021\/03\/Psic-1100x537.jpg 1100w, https:\/\/place4all.pt\/wp-content\/uploads\/2021\/03\/Psic.jpg 1920w\" sizes=\"auto, (max-width: 768px) 100vw, 768px\" \/><\/figure><\/div>\n\n\n\n<p>A psicomotricidade tem como principal objetivo promover o seu desenvolvimento, contribuindo desta forma para o crescimento global e harmonioso da crian\u00e7a. A estimula\u00e7\u00e3o ao n\u00edvel do desenvolvimento psicomotor \u00e9 muito importante durante a inf\u00e2ncia. \u00c9 atrav\u00e9s do desenvolvimento motor que a crian\u00e7a ganha consci\u00eancia do seu corpo e das suas potencialidades.&nbsp;&nbsp;<\/p>\n\n\n\n<p>Na interven\u00e7\u00e3o psicomotora s\u00e3o definidos alguns objectivos gerais:<\/p>\n\n\n\n<p>a) Fortalecimento da sa\u00fade da crian\u00e7a;<br>b) Desenvolvimento de uma postura corporal correcta;<br>c) Desenvolvimento f\u00edsico harmonioso;<br>d) Desenvolvimento de movimentos fundamentais;<br>e) Desenvolvimento da autoconfian\u00e7a e auto-estima;<br>f) Desenvolvimento de capacidades f\u00edsicas;<br>g) Promo\u00e7\u00e3o do gosto pela atividade f\u00edsica;<br>h) Desenvolvimento do esp\u00edrito cooperativo de grupo e o fortalecimento das rela\u00e7\u00f5es humanas quando aplicadas em grupo.<\/p>\n","protected":false},"excerpt":{"rendered":"<p>A psicomotricidade tem como principal objetivo promover o seu desenvolvimento, contribuindo desta forma para o crescimento global e harmonioso da crian\u00e7a. A estimula\u00e7\u00e3o ao n\u00edvel do desenvolvimento psicomotor \u00e9 muito importante durante a inf\u00e2ncia. \u00c9&hellip;<\/p>\n","protected":false},"author":1,"featured_media":0,"parent":29,"menu_order":30,"comment_status":"closed","ping_status":"closed","template":"","meta":{"footnotes":""},"class_list":["post-77","page","type-page","status-publish","hentry"],"_links":{"self":[{"href":"https:\/\/place4all.pt\/index.php?rest_route=\/wp\/v2\/pages\/77","targetHints":{"allow":["GET"]}}],"collection":[{"href":"https:\/\/place4all.pt\/index.php?rest_route=\/wp\/v2\/pages"}],"about":[{"href":"https:\/\/place4all.pt\/index.php?rest_route=\/wp\/v2\/types\/page"}],"author":[{"embeddable":true,"href":"https:\/\/place4all.pt\/index.php?rest_route=\/wp\/v2\/users\/1"}],"replies":[{"embeddable":true,"href":"https:\/\/place4all.pt\/index.php?rest_route=%2Fwp%2Fv2%2Fcomments&post=77"}],"version-history":[{"count":5,"href":"https:\/\/place4all.pt\/index.php?rest_route=\/wp\/v2\/pages\/77\/revisions"}],"predecessor-version":[{"id":605,"href":"https:\/\/place4all.pt\/index.php?rest_route=\/wp\/v2\/pages\/77\/revisions\/605"}],"up":[{"embeddable":true,"href":"https:\/\/place4all.pt\/index.php?rest_route=\/wp\/v2\/pages\/29"}],"wp:attachment":[{"href":"https:\/\/place4all.pt\/index.php?rest_route=%2Fwp%2Fv2%2Fmedia&parent=77"}],"curies":[{"name":"wp","href":"https:\/\/api.w.org\/{rel}","templated":true}]}}